when 2946 is divided by 1460?
26
What is the remainder when 246235 is divided by 5726?
17
What is the remainder when 832 is divided by 390?
52
What is the remainder when 56948 is divided by 41?
40
Calculate the remainder when 37036 is divided by 4113.
19
What is the remainder when 363213 is divided by 329?
326
Calculate the remainder when 7315 is divided by 3532.
251
Calculate the remainder when 21359 is divided by 2372.
11
What is the remainder when 162350 is divided by 54113?
11
What is the remainder when 2015 is divided by 167?
11
What is the remainder when 24772 is divided by 210?
202
Calculate the remainder when 1072 is divided by 7.
1
Calculate the remainder when 27690 is divided by 1846.
0
Calculate the remainder when 292657 is divided by 146324.
9
What is the remainder when 386098 is divided by 45?
43
Calculate the remainder when 56998 is divided by 38.
36
What is the remainder when 6068 is divided by 514?
414
What is the remainder when 10136 is divided by 130?
126
Calculate the remainder when 1785 is divided by 1695.
90
What is the remainder when 1121 is divided by 41?
14
Calculate the remainder when 324865 is divided by 18047.
19
Calculate the remainder when 11211 is divided by 3722.
45
Calculate the remainder when 28023 is divided by 95.
93
Calculate the remainder when 3281 is divided by 82.
1
Calculate the remainder when 60088 is divided by 1580.
48
Calculate the remainder when 15342 is divided by 15327.
15
Calculate the remainder when 17437 is divided by 1452.
13
What is the remainder when 96731 is divided by 107?
3
What is the remainder when 3094 is divided by 1435?
224
What is the remainder when 7172 is divided by 303?
203
What is the remainder when 3615 is divided by 83?
46
What is the remainder when 30515 is divided by 56?
51
What is the remainder when 407 is divided by 371?
36
Calculate the remainder when 28624 is divided by 4083.
43
Calculate the remainder when 21277 is divided by 51.
10
What is the remainder when 59549 is divided by 21?
14
What is the remainder when 13768 is divided by 59?
21
Calculate the remainder when 25431 is divided by 24.
15
Calculate the remainder when 700 is divided by 2.
0
Calculate the remainder when 11664 is divided by 388.
24
What is the remainder when 144395 is divided by 573?
572
What is the remainder when 34949 is divided by 479?
461
What is the remainder when 2418 is divided by 803?
9
Calculate the remainder when 236889 is divided by 114.
111
What is the remainder when 29606 is divided by 519?
23
Calculate the remainder when 629 is divided by 553.
76
What is the remainder when 3442 is divided by 521?
316
What is the remainder when 215040 is divided by 31?
24
What is the remainder when 101043 is divided by 43?
36
What is the remainder when 8367 is divided by 170?
37
Calculate the remainder when 4585 is divided by 272.
233
What is the remainder when 30578 is divided by 10181?
35
Calculate the remainder when 105167 is divided by 84.
83
Calculate the remainder when 63599 is divided by 49.
46
Calculate the remainder when 104297 is divided by 71.
69
What is the remainder when 3534 is divided by 28?
6
What is the remainder when 2213 is divided by 16?
5
Calculate the remainder when 10287 is divided by 7.
4
What is the remainder when 1496 is divided by 891?
605
What is the remainder when 4170 is divided by 321?
318
What is the remainder when 66893 is divided by 239?
212
What is the remainder when 9342 is divided by 44?
14
What is the remainder when 1739389 is divided by 19?
15
What is the remainder when 266 is divided by 70?
56
What is the remainder when 13086 is divided by 47?
20
Calculate the remainder when 7208 is divided by 24.
8
What is the remainder when 2777 is divided by 879?
140
Calculate the remainder when 54177 is divided by 4.
1
What is the remainder when 233096 is divided by 47?
23
What is the remainder when 12079 is divided by 66?
1
Calculate the remainder when 139211 is divided by 4094.
15
Calculate the remainder when 756416 is divided by 79.
70
Calculate the remainder when 66076 is divided by 22013.
37
What is the remainder when 25428 is divided by 27?
21
What is the remainder when 5483 is divided by 2391?
701
Calculate the remainder when 41648 is divided by 337.
197
Calculate the remainder when 514 is divided by 5.
4
What is the remainder when 2316 is divided by 1095?
126
What is the remainder when 13710 is divided by 197?
117
Calculate the remainder when 41404 is divided by 5.
4
Calculate the remainder when 730 is divided by 182.
2
What is the remainder when 40673 is divided by 20104?
465
What is the remainder when 166154 is divided by 337?
13
What is the remainder when 37897 is divided by 12617?
46
Calculate the remainder when 10125 is divided by 37.
24
Calculate the remainder when 30155 is divided by 1282.
669
What is the remainder when 9809 is divided by 911?
699
What is the remainder when 64191 is divided by 50?
41
What is the remainder when 23716 is divided by 269?
44
Calculate the remainder when 2656 is divided by 450.
406
What is the remainder when 9681 is divided by 633?
186
What is the remainder when 42542 is divided by 55?
27
What is the remainder when 55143 is divided by 14?
11
Calculate the remainder when 12431 is divided by 38.
5
Calculate the remainder when 41652 is divided by 1301.
20
Calculate the remainder when 4442856 is divided by 203.
201
Calculate the remainder when 22046 is divided by 32.
30
What is the remainder when 72437 is divided by 14486?
7
What is the remainder when 178309 is divided by 2316?
2293
Calculate the remainder when 4794 is divided by 519.
123
Calculate the remainder when 4440 is divided by 4439.
1
What is the remainder when 7106 is divided by 1475?
1206
Calculate the remainder when 39298 is divided by 1270.
1198
What is the remainder when 79247 is divided by 2556?
11
Calculate the remainder when 8189 is divided by 8073.
116
What is the remainder when 29100 is divided by 24?
12
What is the remainder when 4605 is divided by 440?
205
What is the remainder when 52498 is divided by 35?
33
What is the remainder when 28802 is divided by 3584?
130
What is the remainder when 8193 is divided by 35?
3
What is the remainder when 2113 is divided by 453?
301
What is the remainder when 48791 is divided by 109?
68
Calculate the remainder when 2157 is divided by 103.
97
Calculate the remainder when 54754 is divided by 78.
76
What is the remainder when 551328 is divided by 183775?
3
What is the remainder when 245 is divided by 231?
14
What is the remainder when 26492 is divided by 81?
5
What is the remainder when 21811 is divided by 206?
181
Calculate the remainder when 5774 is divided by 338.
28
Calculate the remainder when 48661 is divided by 316.
313
Calculate the remainder when 133586 is divided by 13357.
16
What is the remainder when 4780 is divided by 208?
204
What is the remainder when 155586 is divided by 13?
2
What is the remainder when 8000 is divided by 1685?
1260
What is the remainder when 5248 is divided by 1839?
1570
Calculate the remainder when 291344 is divided by 18206.
48
Calculate the remainder when 11661 is divided by 55.
1
Calculate the remainder when 51350 is divided by 1093.
1072
Calculate the remainder when 6045 is divided by 121.
116
Calculate the remainder when 19193 is divided by 1918.
13
Calculate the remainder when 5256717 is divided by 630.
627
Calculate the remainder when 933890 is divided by 1842.
1838
What is the remainder when 71974 is divided by 480?
454
Calculate the remainder when 73580 is divided by 6689.
1
What is the remainder when 1366 is divided by 116?
90
Calculate the remainder when 64013 is divided by 269.
260
Calculate the remainder when 18542 is divided by 9266.
10
What is the remainder when 24425 is divided by 44?
5
Calculate the remainder when 4089 is divided by 251.
73
What is the remainder when 12458 is divided by 14?
12
Calculate the remainder when 198 is divided by 68.
62
Calculate the remainder when 11253 is divided by 69.
6
What is the remainder when 11855 is divided by 545?
410
Calculate the remainder when 18360 is divided by 24.
0
What is the remainder when 35811 is divided by 158?
103
What is the remainder when 3133 is divided by 38?
17
What is the remainder when 25135 is divided by 14?
5
Calculate 